he units digit of b?
5
Let t(y) = 76*y + 20. Let j be t(-10). What is the tens digit of 1 - 7/(35/j)?
4
Suppose 3524 = -3*q + 3*m + 9932, 5*q + 3*m = 10688. What is the units digit of q?
7
Suppose 29*j - 2273 - 4397 = 0. What is the hundreds digit of j?
2
Let s(r) = 60*r**2 - 5*r + 39. What is the tens digit of s(6)?
6
Let k(b) = -b**3 - 9*b**2 + 10*b + 11. Let h be k(-10). Suppose -7 = r - h. Suppose -r*m + n = -154 - 129, -m = -4*n - 67. What is the tens digit of m?
7
Suppose -2*g - g + 861 = -3*j, -g = -2*j - 282. What is the tens digit of 4 + 0 + g/4?
7
What is the units digit of (-2)/((-2)/5) - -6?
1
Let n be (-36)/(-8)*-2*(-52)/6. Suppose -3*d + n = -21. What is the tens digit of d?
3
Suppose 0 = -4*f + 4 - 16. What is the hundreds digit of ((-26)/f)/((-6)/(-81))?
1
Suppose 4*l = 3*l + 2. Let v be ((-9)/l)/((-9)/12). Suppose -4*m = -82 - v. What is the units digit of m?
2
Suppose 2*s + 3*f - 968 = 0, 3*s - 1452 = 16*f - 12*f. What is the tens digit of s?
8
Suppose 0 = 3*t + 4*v - 22, 12*t + 90 = 17*t - 4*v. What is the tens digit of t?
1
Suppose -3*f = 6, 7*w - 4*f = 4*w - 37. Let a be (-815)/w*(-3)/(-1). Suppose 0 = -4*o + 5*x + 367 - 44, -2*o + 3*x + a = 0. What is the units digit of o?
7
Let w(p) = 6*p**2 + 43*p - 39. What is the units digit of w(-8)?
1
Let n be ((-33)/5)/(7/(-105)). Suppose 3*m - 3*s = 2*m + n, 5*m - s - 425 = 0. Suppose 0*u = 4*u - m. What is the tens digit of u?
2
Let f = 0 - 0. What is the tens digit of f + 65 + 4 - -2?
7
Suppose 3*c + 4 - 1 = 0. What is the tens digit of c + -2 - (2 + -42)?
3
Suppose -13*o + 3*o - 50 = 0. Let y(r) = -r**3 - r**2 + r - 4. What is the tens digit of y(o)?
9
Let o(b) = 2*b**2 + 5*b - 3. Let p be o(-2). What is the units digit of 28*(p + 11/2)?
4
Let f(z) = 5*z**2 + 21*z - 16 + z**3 + 9*z**2 + 44. What is the tens digit of f(-8)?
4
Let y = 39 - 41. What is the units digit of ((-3)/y)/((-3)/(-236))?
8
Let l(q) = 35*q**2 + 12*q + 17. What is the tens digit of l(-4)?
2
Suppose -35*s + 45470 = 8650. What is the hundreds digit of s?
0
Suppose -u = 5*d - 6*u - 20, 4*u + 9 = -3*d. Let b(v) = -12*v + 5. Let s be b(-5). Suppose -4*o = -s + d. What is the tens digit of o?
1
Suppose 0 = 3*u - 4*s + 5 + 6, 37 = 4*u + 5*s. Suppose -2*d = -7*d - u*t + 184, -3*d + 5*t + 90 = 0. What is the tens digit of d?
3
Suppose -2*b - 11*s = -6*s - 680, -2*b = -2*s - 666. What is the tens digit of b?
3
Let f = 372 + 358. What is the units digit of f?
0
Let n(l) = -2*l + 11. Let w be n(6). Let a(x) = -5*x + 5. What is the tens digit of a(w)?
1
Let b = -103 + 53. Let v = -3 - b. What is the units digit of v?
7
Let n(t) = 2*t + 3*t - 2*t + 1 + 10*t. What is the units digit of n(3)?
0
Let t(i) = i**3 - 15*i**2 - 50*i - 71. What is the hundreds digit of t(24)?
9
Suppose 22*f - 3275 = 7703. What is the units digit of f?
9
Let z = -29 - -315. What is the units digit of z?
6
Suppose 3*k - 141 = -k + 3*c, k - 36 = c. Let t = 5 + k. Suppose z = 3*z - t. What is the tens digit of z?
1
Let g(p) = -p**3 - 9*p**2 - 5*p + 6. Let b be g(-8). Let n be (-6)/3 - (b + 2). What is the tens digit of 7/(n/(-40))*-1?
2
Suppose 5 = 4*n + 61. Let w = -14 - n. What is the units digit of -2 - (-24)/1 - w?
2
Let l(z) = 2*z - 1. Let y(c) = -3*c. Let s(w) = -7*l(w) - 6*y(w). What is the units digit of s(12)?
5
Let m(n) = 25*n**2 + 4*n - 122. What is the hundreds digit of m(7)?
1
Suppose 0 = -9*j + 10*j - 595. What is the units digit of j?
5
Let y be (-10)/(-85) + 38/(-34). What is the units digit of (-9)/3 + y + 32?
8
Suppose 2*s + 0*s - 4 = 0. Let k(c) = -1 + s*c + 0 + 5. What is the units digit of k(2)?
8
Let x(a) = a - 10. Let n be x(8). What is the units digit of (2 - 0)/n*-1 + 3?
4
Suppose 3*y - 2*y - 21 = 0. Let l = -39 - -56. Suppose -y = -t + l. What is the units digit of t?
8
Suppose -a = -2*b - 23, -2*b + b = -5*a - 11. Let c be 7/(b/12) - 1. What is the tens digit of (-16)/(-3)*(-21)/c?
1
Let z be 26 - (132/(-30) + (-4)/(-10)). What is the units digit of (3/(z/(-905)))/((-2)/4)?
1
Suppose -1 = 12*q - 25. Suppose 0 = 4*i + 5*f - q*f - 836, -624 = -3*i - 3*f. What is the units digit of i?
2
Let k(r) = 8 + 5*r - r + 0*r. Let z be k(-4). Let q = z + 11. What is the units digit of q?
3
Suppose 2*o + 303*i - 10668 = 301*i, 4*i = -5*o + 26665. What is the hundreds digit of o?
3
Let o = 28 - 28. Suppose o = 30*f - 25*f - 1140. Suppose -4*c + f = -0*c. What is the tens digit of c?
5
Suppose -5*s + 2098 = -232. What is the hundreds digit of s?
4
Let n(s) be the first derivative of 11*s**5/60 - s**4/6 + 2*s**3/3 - 1. Let w(f) be the third derivative of n(f). What is the units digit of w(2)?
0
Suppose 11*p - 9*p - 5*m = 9255, 0 = 2*p - m - 9251. What is the thousands digit of p?
4
Suppose 4*t + 8 = 2*d, -6*t + t = 4*d + 23. Let j(i) = -2*i**2 + i. Let m be j(1). What is the units digit of m*((t - -4) + -8)?
7
Suppose -10 = -0*g + 2*g + 2*p, -g = 3*p + 9. Let o be 44 + -15 + 11 + -1 + 1. Let n = g + o. What is the units digit of n?
7
Let r be (-2)/4*-6 - (-44)/(-4). What is the tens digit of ((-30)/r)/((-66)/(-616))?
3
Suppose -n - 44 = 5*h, 4*n = 5*n + 3*h + 34. Let d be 4/2 - (n - -20). What is the tens digit of (-8)/(-4) + d - -68?
7
Let s(d) = d + 46. Let b be -8*(0 + (-3)/(-6)). Let r = b - -4. What is the units digit of s(r)?
6
Let o(y) = y**2 - 7*y - 8. Let h be o(6). What is the units digit of (2952/21)/2 + 4/h?
0
Let r = 6 + -3. Suppose -r*m = -2*g + 97, -4*g - 8*m + 3*m + 249 = 0. What is the units digit of g?
6
Let m be (2/(-2) - 0/4) + 3. What is the hundreds digit of m/(-7) - (-13221)/91?
1
Suppose -x + 1438 = 4*m, m + 157 - 1598 = -x. What is the hundreds digit of x?
4
Suppose v - 3*w - 5 = -4*w, 25 = 5*v - 5*w. Suppose 3*b = 3*p + 2*p - 16, 5*b = -v*p + 40. What is the units digit of b?
3
Let i = 13 + -8. Suppose 298 = i*o - 52. What is the units digit of o?
0
Let p(x) = 4*x + 83. What is the hundreds digit of p(29)?
1
Suppose -4*f - 5*q - 16 = -0*f, -3*f - q - 1 = 0. Suppose -74 = -o - 2*i, -4*i = -5*i - f. What is the units digit of o?
6
Let h(q) = 39*q + 5. Let g(k) = 38*k + 5. Let p(u) = 5*g(u) - 4*h(u). What is the tens digit of p(1)?
3
Let c be (-5)/((-20)/(-6))*8/(-3). Suppose -b + 915 = c*b. What is the units digit of b?
3
Let h be (3/(-9))/((-1)/18). Let r be h/1 - (3 + -1). Suppose 2 = w, -w = -3*b + r*w - 4. What is the units digit of b?
2
Suppose -4 + 46 = -2*b. Let t = 59 + b. Suppose 0 = 2*v - 3*v + t. What is the units digit of v?
8
Let z be 2*(1/2 - -2). Suppose -z*x = -9*x + 296. What is the tens digit of x?
7
Suppose 43 - 10 = -3*r. Let i = r + 22. Let g = i - -9. What is the tens digit of g?
2
Suppose 4698 = -76*d + 79*d. What is the units digit of d?
6
Suppose -7*g + 777 = -2*g - f, g - 153 = f. Let c = g + -84. What is the units digit of ((-4)/12)/((-4)/c)?
6
Let t = 1 + 0. Let l be (-22)/10 + (-8)/(-40). What is the units digit of t/2 + (-43)/l?
2
Let j = -8 + 2032. What is the hundreds digit of j?
0
What is the units digit of (-1)/((-2)/6*30/1460)?
6
Suppose -7 = x - 5*g, x - 28 = 5*x + g. What is the units digit of -1*-10*x/(-2)?
5
Suppose -k + 937 = -5*w, k - 958 = 7*w - 9*w. What is the tens digit of k?
5
Suppose -2*t + 4*w = -1966, 13 - 3 = -5*w. What is the units digit of t?
9
Let h(q) = -2*q**2 + 34. Let j(k) = k**3 + k**2 + k + 1. Let a be j(-1). What is the units digit of h(a)?
4
Let k be 15 - (-4)/12*-9. Let i be 6/k*(-28)/(-2). Suppose 184 - i = 3*g. What is the tens digit of g?
5
Let j(o) = 6*o - 1. Let v be j(4). Suppose r + 15 = -2*g, 4*g + 13 + 8 = r. Let w = v - g. What is the tens digit of w?
2
Let p = 157 - 147. What is the tens digit of p?
1
Let t(q) = -3*q**3 - 22*q**2 - 16*q - 1. What is the units digit of t(-9)?
8
Let k = 4 - 7. Let w be 3 + -2 + k - -1. What is the units digit of w/3 - 49/(-3)?
6
Let u = 1481 + -1031. What is the tens digit of u?
5
Let q be 1*2 + 20 + 3. Let h = q - 17. Let m(o) = -o + 18. What is the units digit of m(h)?
0
Suppose -m + 4*d = -92, 0*m - d = 4*m - 300. Suppose -s = 5*j - 317, j - 2*s - 2*s - m = 0. What is the units digit of j?
4
Let g(r) = r**2 + 5*r - 5. Let m be g(-5). Let u be 153/(-3)*m/(-3). Let b = u + 122. What is the tens digit of b?
3
Suppose -97*c = -102*c + 670. What is the hundreds digit of c?
1
Suppose 826 = 6*d - 3014. What is the h